15/(-5))/3*-144. Suppose 3*u = -u + b. Let t = u + 2. What is the tens digit of t?
3
Let x(n) = -83*n + 42. Suppose 5*u = 3*b - 30, 2*u = -3*b - 18 + 6. What is the hundreds digit of x(u)?
5
Let v = -694 + 698. What is the tens digit of v - (-1*2)/((-25)/(-7600))?
1
Let l be (-128)/(-8) + -6 - -3. Suppose -l*d - 4413 = -20494. What is the thousands digit of d?
1
Suppose o + u = -3*o + 660, -5*o + 5*u = -850. Let h = 312 - o. Let m = -54 + h. What is the tens digit of m?
9
Let g = 36 - 28. Suppose 0 = 4*u + g. What is the units digit of 0 + u/(4/(-358))?
9
Suppose 2*f = -2*f - r - 12, -5*f = r + 16. What is the tens digit of 5*(-73)/f*4?
6
Let w = 77 + -66. Suppose 4*f = 5 + w, 2110 = 2*d - 2*f. What is the hundreds digit of d?
0
Let q be 11/(-2)*-70 - (-1 + 1). Let j = 179 + q. Suppose 2*v + j = 6*v. What is the tens digit of v?
4
Let p(m) = -15*m + 3125. What is the thousands digit of p(0)?
3
Let l be 1/2 + ((-30)/(-12) - 2). Suppose -3*b = s - 3, -4*s + 3*s - 5*b + l = 0. Suppose -s*n + 7*n = 73. What is the units digit of n?
3
Let v(r) = 25*r**2 + r + 3. Let y(c) = 25*c**2 + c + 3. Let q(a) = -4*v(a) + 3*y(a). Let s be q(-4). Let l = s + 667. What is the units digit of l?
8
Let d = 156 - 143. Let v(j) = 12*j - 51. What is the units digit of v(d)?
5
Let s(n) = n**3 - 18*n**2 + 11*n + 31. Let c be s(19). What is the hundreds digit of (4 - (-36)/(-4)) + -2 + c?
5
Let m be (2 + 0)/((18/(-291))/(-3)). Let d = -64 + 252. Suppose f = k + m, 3*f - d = f + 4*k. What is the hundreds digit of f?
1
Let g = 1010 + -1618. Let k = g + 1328. What is the hundreds digit of k?
7
Suppose 0 = -6*i - 11 + 125. Suppose -959 = 12*z - i*z. Suppose n + 3 = z. What is the hundreds digit of n?
1
Suppose 3*u = -2*m + 21126, 42*m - 42224 = 38*m + u. What is the units digit of m?
7
Let c(t) = t**3 + 10*t**2 - 11*t + 6. Let a be c(-11). Let z(j) be the first derivative of j**3/3 + 7*j**2/2 + 11*j - 11. What is the units digit of z(a)?
9
Let m be 5 - 616/(-12) - (-2)/(-6). Let i = m + 43. Suppose -t - 2*r = 2*r - i, 411 = 5*t - r. What is the tens digit of t?
8
Let i(c) = -7*c + 63. Let d be i(9). Suppose d = w - 23*w + 10384. What is the units digit of w?
2
Let f be 5*(2 + (-102)/(-15)). Let z be (3/6)/(5/740). Let a = z - f. What is the units digit of a?
0
Suppose -4*u = 3*z + u + 28, -5*z = -u. Let g(h) = 84*h**3 + 2*h**2 - h - 2. Let r be g(z). Let v = 11 - r. What is the tens digit of v?
9
Suppose 18*y - 21728 - 21742 = 0. Suppose y = 3*s - 3*z, -2*z + 4*z - 1626 = -2*s. What is the units digit of s?
9
Let c = -4649 - -8316. What is the hundreds digit of c?
6
Let h = 494 - -383. Suppose 15 + h = 4*o. Let j = o + -119. What is the hundreds digit of j?
1
Suppose -8*w + 11*w = -4*t - 6, -t + 4*w + 8 = 0. Suppose t = -18*b + 5054 + 10120. What is the hundreds digit of b?
8
Suppose -18*g - 426*g + 40700657 = -1430059. What is the tens digit of g?
8
Suppose 5*x - 4*w + 9083 = 0, 7*x = 6*x + 4*w - 1823. Let p = x - -2872. What is the units digit of p?
7
Let b(c) = 712*c**2 + 639*c + 3805. What is the hundreds digit of b(-6)?
6
Suppose -14*g = 9*g - 5773. Suppose g = v - 171. What is the hundreds digit of v?
4
What is the ten thousands digit of 21/((-336)/273488)*(1 + -2 + 0)?
1
Suppose -3*h + 7*h + 12 = 0. Let l be -12*(-5)/(-45)*h. Suppose -5*q + 25 = 5*x, 0 = l*q - x - 8 - 7. What is the units digit of q?
4
Suppose 18050 = c - q, c - 18098 = 51*q - 56*q. What is the thousands digit of c?
8
Suppose -1219*m - 2562 = 1221*m - 2461*m. Let s = 225 - 133. Let v = m - s. What is the tens digit of v?
3
Suppose 15 = -6*b + b - 5*x, 2*b - 3*x - 19 = 0. Suppose 2*d = -3*f + 707, 0 = -5*d - 2*f - b*f + 1764. What is the tens digit of d?
5
Let q(x) = 62*x**3 - 4*x**2 - 47*x + 257. What is the hundreds digit of q(5)?
6
Let a = -21 + 48. Let d be 12426/a + 16/(-72). Let p = d + -254. What is the units digit of p?
6
Let l = -261 - -271. What is the units digit of (l/(-7))/(4/(-1484))?
0
Let u = 152 - 454. Let d = 19 - u. Suppose 10*r = 13*r - d. What is the tens digit of r?
0
Let o(r) = 7*r**2 - 22. Let c be o(8). Suppose -2*s - 3*x + 348 = 0, 3*s = -5*x + c + 94. What is the hundreds digit of s?
1
Suppose 24*h + 15 = -33. What is the tens digit of (8/(-24))/(h/1354)*3?
7
Suppose -2*l + l = 5*m - 129571, -3*m = -7*l - 77697. What is the ten thousands digit of m?
2
Suppose 3*s - 37 = -4*n, 5*s + 11 = 4*n - 2. Let r = 11 - n. What is the units digit of (-1)/r - 645/20*-1?
2
Let b(i) = -i**3 - 4*i**2 - 2*i + 5. Let y be b(-4). Suppose 12 = -y*v + 77. Suppose -3*o = -z - 533, -o - v*z = -2*o + 187. What is the tens digit of o?
7
Suppose 13*z = 19775 + 1623. What is the units digit of (7 - 6)/(2/z)?
3
Let o be (28/(-8) + 3)*-12. What is the units digit of 9/(-27)*-1263 + o?
7
Let t be 0/(((-18)/45)/(4/(-10))). Let b = -132 - t. Let h = b - -309. What is the units digit of h?
7
Suppose 5*l - 4*g + 3*g - 75 = 0, 3*l - g - 47 = 0. Suppose -15*m + l*m = -1. What is the tens digit of (-4)/(-2 + m) + 148?
5
What is the hundreds digit of (-1)/((42/46 - 1) + 276395/3180394)?
7
Suppose -112012 + 37782 = -4*n - 6*n. What is the units digit of n?
3
Suppose -63039 - 86272 = -17*r. What is the hundreds digit of r?
7
Let c(m) = 401*m - 1068. What is the units digit of c(22)?
4
Let x(k) = 399*k**2 - 85*k + 168. What is the tens digit of x(2)?
9
Let y(m) = -4801*m + 256. What is the hundreds digit of y(-1)?
0
Let c(h) = 3*h**2 + 2*h + 1. Let j(u) = 9*u**2 + 58*u + 16. Let r(k) = 4*c(k) - j(k). What is the tens digit of r(30)?
8
Let b = 12818 - 5443. What is the tens digit of b?
7
Let m be (-553)/(-2) + (-117)/(-78). Let h = -2 + 6. Suppose 0 = h*r - 98 - m. What is the tens digit of r?
9
Let a(u) = 6*u**3 - 10*u**2 - 28*u + 25. Let v be (1386/(-55))/(-9)*(-10)/(-4). What is the thousands digit of a(v)?
1
Let w(v) = 7*v - 8*v + 5 + 29*v + 0. Let c = 249 - 247. What is the units digit of w(c)?
1
Suppose 0 = -g + 3*o - o + 24, 0 = 4*g - 4*o - 92. Let f = g - 27. What is the hundreds digit of (f/10)/((-4)/904)?
1
Let o(j) = j**3 + 23*j**2 + 16*j - 117. Let t be o(-22). Suppose 0 = -2*b + 5*z + 1409 + 382, 5*z - t = 0. What is the hundreds digit of b?
9
Let s(d) = 352*d + 24. Let x be s(4). Let u(z) = z**2 + 4*z - 24. Let q be u(-8). Suppose -q*g + 320 = -x. What is the hundreds digit of g?
2
Suppose 0 = 4*i - 9*i + 10. Suppose -4*k + 5*j + 37 - i = 0, 3*k - 3 = -4*j. Suppose -6*m + k*m = 2*s - 76, 0 = 4*m + 3*s - 289. What is the tens digit of m?
7
Suppose 0 = -u - 4*u + 490. Suppose -5*t + 6*n - 5*n - 234 = 0, 2*t = -4*n - u. What is the units digit of 10/35 - (3 - t/(-7))?
4
Suppose -t = -0*t - 3*m - 3, 0 = -5*m - 10. What is the hundreds digit of -44*(t - 0) + (-1 - 0)?
1
Suppose 14*f = 89 - 33. What is the hundreds digit of (491 - f) + -5 + 10?
4
Suppose 4*o - o = -v + 17, 0 = 3*v - o - 11. Let u be (v/3)/((-26)/(-6) + -4). Suppose 3*m + u*l = 683, 0*l + 1132 = 5*m + 2*l. What is the tens digit of m?
2
Let k = -152 - -170. What is the tens digit of ((-300)/(-35))/(k/1701)?
1
Let p(i) = -22*i**2 - 4*i - 5. Let j(x) = 43*x**2 + 8*x + 10. Let g(y) = -2*j(y) - 5*p(y). Let u = -4 + 2. What is the units digit of g(u)?
3
Let f = -838 - -181. Let o = -420 - f. What is the tens digit of o?
3
Suppose 0 = 2*a + 4*a + 72. Let f = a + -152. Let d = -82 - f. What is the tens digit of d?
8
Suppose 0 = -46*g - 19*g + 126723 + 75622. What is the tens digit of g?
1
Suppose 2*n + 3*s = 771, n - 43 - 339 = -5*s. What is the tens digit of n?
8
Let o(w) = 248*w**2 + 31*w + 71. What is the units digit of o(-5)?
6
Suppose 5*n = 3*c + 320, -2*n - 5*c = -4*n + 147. What is the tens digit of n?
6
Let d be (-23)/(-5) + (27/15)/(-3). Suppose d*g = 99 - 3. Suppose 2*f = -f + g. What is the units digit of f?
8
Let h(m) = 19*m - 112. Let b be h(6). What is the units digit of 14 - (1/b)/(10/100)?
9
Suppose -g - 22 + 101 = 0. Let l = 83 - g. Suppose x = -l*u + u + 174, 5*x + 4*u - 892 = 0. What is the hundreds digit of x?
1
Suppose 8*i - 15*i + 14 = 0. Suppose -2*n - 2*n = 12, -2*g = i*n - 24. Let r(z) = z**2 + 2*z + 36. What is the hundreds digit of r(g)?
2
Let n = -7 - -18. Suppose -62 - n = -a. Suppose 2*v + 3*x = 6*x + a, 5*v - 150 = x. What is the tens digit of v?
2
Let u be -2*(8 - 1*20/8). Let r(b) = -85*b + 209. What is the thous